of p and n?
9
Let b be (-18)/10*370/(-111). Suppose -76 = b*f - 358. What is the highest common factor of f and 1081?
47
Suppose 231 - 712 = -37*m. What is the highest common divisor of 1573 and m?
13
Let p be 3/2 + 1539/38. Suppose 0 = c - 311 - 4. Calculate the greatest common divisor of c and p.
21
Suppose -9*g - 40*g = -931. Let c = 469 + g. What is the highest common divisor of c and 8?
8
Let f(w) = 3*w**3 - 5*w**2 + 119*w - 548. Let a be f(5). What is the greatest common divisor of a and 1221?
33
Suppose 7*c = 12*c + k - 87, -c - 2*k + 12 = 0. Let j be ((-504)/45)/((c/(-15))/3). Calculate the greatest common factor of 6 and j.
2
Let u(c) = c**2 - 10*c + 8. Let n(g) = g**3 + 10*g**2 + 18*g - 11. Let r be n(-7). Let x be u(r). Calculate the greatest common factor of x and 432.
8
Suppose 136*u - 229 = -3*y + 137*u, -3*y = -3*u - 231. What is the highest common factor of 133 and y?
19
Let c = 92 + -59. Let o = c + -33. Suppose 5*d - 7 + 17 = -3*i, 2*i + 10 = o. Calculate the highest common factor of 9 and d.
1
Suppose g - y + 455 = 0, 2*y = 5*g - 10*g - 2310. Let z = 478 + g. What is the greatest common divisor of z and 99?
9
Let c be 25 + 1 - 22 - -35906. Calculate the highest common divisor of 756 and c.
378
Let p = 103 - 98. Suppose -p*f - 2*z + 694 = 0, 0 = -f + z + 180 - 37. What is the highest common divisor of 350 and f?
70
Let v(c) be the second derivative of -c**5/20 - c**4/3 - 2*c**3/3 + 9*c**2/2 + 72*c. Let u be v(-6). What is the highest common factor of u and 385?
35
Let r(j) = -331*j + 14. Let t(i) = -i + 2. Let m be t(3). Let b be r(m). What is the greatest common divisor of 15 and b?
15
Let t be (-17)/(-6) + ((-66)/(-36))/11. Suppose 0 = -l - 4*x - 8 - t, -3*x - 22 = -2*l. Calculate the greatest common divisor of 5 and l.
5
Let a be (-1)/((-2)/(-862)*-1). Suppose 25 = 4*o - a. Suppose 99 = 14*j - 167. What is the greatest common divisor of j and o?
19
Let a be (-2)/(141/143 + -1). Suppose 11*n - 9*n = 1392. Let x = -683 + n. What is the highest common divisor of x and a?
13
Let f be (-933)/(-21) - 96/224. Calculate the greatest common divisor of 484 and f.
44
Let z = 6 + 58. Suppose -18*u = 85 - 859. Let f = z - u. What is the highest common divisor of f and 7?
7
Let c = 0 + 3. Let v be 5*(-18)/(-75)*520/c. Calculate the highest common factor of v and 16.
16
Suppose 381 = 13*x + 108. Let h be (-3)/4*(-1484)/x. What is the highest common divisor of h and 583?
53
Suppose 0 = 1370*l - 1374*l + 32, -2*l + 286 = 5*t. Suppose 0 = -2*p - 13 + 37. What is the highest common divisor of p and t?
6
Let o = -2141 - -2363. What is the highest common divisor of 18 and o?
6
Let d(u) = -374*u - 335. Let l be d(-1). What is the highest common divisor of 975 and l?
39
Let t = 39 - 18. Let w(p) = p**3 + 7*p**2 - 9*p + 9. Let f be w(7). Suppose -4*i = -124 - f. Calculate the greatest common divisor of t and i.
21
Let f = -11176 + 12301. Calculate the greatest common factor of f and 1625.
125
Suppose -180 = 4*y - 9*y. Let a = y - 18. Suppose -1358 = -9*o + 100. Calculate the highest common divisor of a and o.
18
Let h(i) = -3*i + 7. Let n be h(-5). Let s(m) = -82*m - 404. Let o be s(-6). What is the highest common divisor of n and o?
22
Suppose 144*x = 162*x - 126. Calculate the greatest common divisor of x and 1.
1
Let h be (-4)/(-3) - 2 - (-44)/(-6). Let y be 6/8*(30 - h/4). Let m(b) = -9*b + 86. Let o be m(6). What is the highest common divisor of o and y?
8
Suppose 2*p - 678 = -4*k, -4*p + 1398 = k - 0. What is the greatest common factor of 15 and p?
3
Let v(i) = -i**3 + 37*i**2 + 52*i + 263. Let z be v(38). Calculate the greatest common divisor of z and 3339.
159
Let y be (-122)/(-14) + (-4)/(-14). Let p = 91922 + -91634. What is the highest common factor of y and p?
9
Suppose 4*w - 5*c = 87162, -3*w + 5*c - 26622 = -91986. Calculate the highest common factor of w and 18.
18
Suppose 5*o - 3*a - 16 = -5*a, -2*a = -3*o. Suppose 0 = 5*g - 2*k - 221, -o*g + 2*k + 96 = 10. Calculate the highest common divisor of g and 495.
45
Let m = -289 - -169. Let h = 151 + m. Suppose -4*r + 1085 = r. Calculate the greatest common factor of r and h.
31
Suppose 24*f - 737 = 23*f. Let y = f - 440. Let v = 16 - -11. Calculate the greatest common factor of y and v.
27
Let m = 174 + -109. Let i(z) = -7*z - 211. Let u be i(-45). Calculate the highest common factor of m and u.
13
Suppose 0*q + 808 = 4*y - q, -y + 191 = -3*q. What is the highest common divisor of 696 and y?
29
Suppose 2*z + 3 = -5*k - 4, z - 5*k - 19 = 0. Suppose 2*c - 51 = -w + 74, z*w + 332 = 5*c. Calculate the greatest common divisor of c and 480.
32
Suppose 4*k + 2*c = 173610, 0 = c - 2*c + 9. Calculate the highest common factor of k and 36.
18
Suppose -4*w - 5*n = -5*w + 180, -n - 1092 = -5*w. What is the highest common factor of w and 80?
20
Let q(v) = 7*v**2 - 4*v + 4. Let d be (0 + -4)*(-18)/36. Let n be q(d). What is the greatest common divisor of 96 and n?
24
Suppose -4*a = -3*k + 3884, 5*a - 4646 = -4*k + 574. Calculate the highest common factor of k and 250.
50
Suppose v + 2*q = 355, -34 + 404 = v + 5*q. Calculate the highest common factor of 1311 and v.
69
Let j(f) = -13*f + 6. Let d be j(7). Let c = d - -117. Calculate the highest common divisor of 176 and c.
16
Let z(i) = 4*i - 12*i - 3*i - 55 + 41 - 63. Let a be z(-27). Let k = 65 - 45. What is the greatest common divisor of k and a?
20
Suppose 1040*g = 3*c + 1036*g - 496, -20 = -4*g. Calculate the greatest common divisor of c and 28.
4
Let o(d) = -d**3 + 2*d**2 + 262*d + 987. Let a be o(-4). Let c = 9 - 2. What is the greatest common divisor of c and a?
7
Suppose 0 = 66*q - 60*q + 5*t - 37956, -q - 4*t = -6307. Calculate the greatest common factor of q and 52.
13
Let j be -3*(-2 + (-99)/(-27))*-4. Calculate the greatest common divisor of 290 and j.
10
Let x = -95 - -158. Let v be ((-6)/x*12)/(8/(-28)). Suppose 3*c = -s + 89, -s - v*s - 135 = -5*c. What is the greatest common divisor of c and 319?
29
Suppose -4*n + 103 = -108 - 157. Calculate the highest common divisor of n and 4531.
23
Let v be -9*((-70)/(-9) - 80/10). Suppose -z - 8 = -5*z + c, -2*z + 4 = c. Suppose -14 - 4 = -z*p. What is the highest common divisor of p and v?
1
Let g be -3*20/12 - -5. Suppose 5*s - 3124 + 1054 = g. What is the greatest common factor of 23 and s?
23
Let g(a) = a**2 - 7*a + 10. Let k be g(0). Suppose -2*h - 155 = -3*p, k = 3*h + 4. What is the highest common factor of p and 1?
1
Let z = -7677 - -7752. Calculate the highest common factor of z and 1200.
75
Let w be 48*(4 - 8)*(-1)/(-3). Let v be (-912)/w - 3/(-4). Let u = -49 + 184. Calculate the greatest common divisor of u and v.
15
Suppose -49*x = -48*x - 105. Calculate the highest common factor of x and 455.
35
Let x = -3 + 9. Let s = 948 + -933. Let h be (s/30)/((2/(-8))/(-1)). What is the highest common factor of h and x?
2
Suppose -10050 = -19*d + 93918. Calculate the greatest common divisor of d and 171.
171
Let h(w) = 2*w**3 - 52*w**2 + 69*w - 672. Let l be h(29). Calculate the highest common divisor of 680 and l.
85
Suppose 5*w = -5*b + 1376 + 424, -2*w - 732 = -2*b. What is the highest common divisor of 132 and b?
33
Let f be ((-73)/(-2))/(4/8). Let d(g) = 4*g + 12. Let r be d(14). Let a = f - r. Calculate the highest common divisor of a and 2.
1
Let k = 10005 + -5462. What is the highest common factor of 44 and k?
11
Let r be (-90)/(-4)*-2*117/(-195). Suppose -3*p = -3*w - 1014, -5*p + 2*w = -1690 + 6. Suppose 17*b = p - 30. Calculate the greatest common factor of r and b.
9
Let l(z) = -z**2 - 39*z - 212. Let k be l(-9). What is the greatest common divisor of 2523 and k?
29
Let a(u) = 3*u**3 - 11*u**2 - 9*u + 21. Let v be a(8). Let h = 244 + -173. Calculate the highest common divisor of h and v.
71
Suppose 5*m = 6 - 1. Let w be (-39)/26 - (-1)/2. Let q be 8 - (-19 + 22)/(4 + w). What is the greatest common divisor of m and q?
1
Let k = 515 - 480. What is the highest common divisor of k and 2555?
35
Let x(l) = 27*l**2 - 1139*l - 95. Let b be x(43). Calculate the greatest common factor of 253 and b.
23
Let u(o) = o**3 - 5*o**2 + 9*o + 10. Let b be u(0). Calculate the highest common divisor of b and 3770.
10
Let g = 578 + -292. Let i be ((-35)/(-7) + 8)/(2/4). Calculate the greatest commo